hat is the greatest common factor of 15232 and 340?
68
What is the greatest common divisor of 3627 and 51584?
403
Calculate the highest common factor of 393 and 145279.
131
Calculate the greatest common factor of 71642 and 678.
226
What is the highest common factor of 1588570 and 1005?
335
Calculate the highest common divisor of 504 and 343.
7
What is the highest common factor of 675 and 11325?
75
Calculate the greatest common factor of 22 and 137775.
11
What is the greatest common factor of 180 and 1207620?
180
What is the highest common factor of 20863 and 124?
31
What is the greatest common divisor of 1541705 and 33?
11
What is the greatest common divisor of 4014 and 26314?
446
What is the highest common divisor of 22 and 42922?
22
Calculate the highest common factor of 108433 and 114.
19
What is the greatest common divisor of 1325 and 11275?
25
Calculate the greatest common factor of 36 and 97398.
18
Calculate the highest common factor of 224 and 3416.
56
What is the highest common factor of 198366 and 168?
42
What is the highest common divisor of 56 and 2438380?
28
What is the highest common factor of 42336 and 5088?
96
Calculate the highest common divisor of 40 and 5073560.
40
Calculate the greatest common divisor of 116 and 144101.
29
Calculate the greatest common divisor of 201 and 70.
1
What is the greatest common divisor of 64576 and 160?
32
Calculate the highest common divisor of 97 and 141814.
97
Calculate the greatest common factor of 1624 and 9128.
56
Calculate the highest common factor of 72 and 33903.
9
What is the greatest common factor of 25710 and 60?
30
What is the highest common divisor of 80 and 1656220?
20
Calculate the greatest common divisor of 165 and 37125.
165
Calculate the greatest common divisor of 308 and 5418.
14
Calculate the greatest common factor of 20 and 2410.
10
Calculate the highest common factor of 1767 and 36081.
57
What is the greatest common factor of 962 and 734214?
26
Calculate the highest common divisor of 4936 and 440.
8
What is the highest common factor of 6175 and 87400?
475
Calculate the greatest common factor of 884 and 812617.
221
What is the highest common divisor of 2085 and 360?
15
Calculate the highest common factor of 41 and 13249.
1
What is the greatest common factor of 70 and 3555?
5
Calculate the highest common factor of 4573 and 197984.
269
What is the greatest common factor of 20124 and 3510?
234
What is the greatest common factor of 11616 and 1504?
32
What is the greatest common factor of 4320 and 810?
270
Calculate the greatest common factor of 2990 and 116035.
115
What is the highest common divisor of 91 and 611?
13
What is the highest common divisor of 184 and 1978?
46
What is the highest common divisor of 392 and 34202?
98
Calculate the highest common divisor of 10 and 35380.
10
What is the greatest common divisor of 5644 and 1292?
68
What is the greatest common divisor of 42032 and 22436?
284
Calculate the greatest common divisor of 949457 and 766.
383
Calculate the greatest common divisor of 27334 and 790.
158
What is the highest common factor of 5472 and 31968?
288
Calculate the highest common divisor of 2041 and 2093.
13
What is the highest common divisor of 4067 and 83?
83
Calculate the highest common factor of 2786 and 37590.
14
What is the greatest common divisor of 21238 and 12691?
259
Calculate the greatest common factor of 32 and 94184.
8
What is the highest common divisor of 3149 and 4700?
47
What is the greatest common factor of 242903 and 23?
23
Calculate the highest common divisor of 6499 and 17755.
67
What is the greatest common factor of 78 and 3228?
6
Calculate the greatest common factor of 201186 and 3.
3
What is the highest common factor of 392 and 24647?
49
Calculate the greatest common factor of 1533 and 961702.
511
Calculate the greatest common factor of 64521 and 279.
9
Calculate the highest common divisor of 222 and 18759.
111
Calculate the greatest common divisor of 156811 and 1642.
821
Calculate the highest common factor of 402623 and 13.
13
What is the highest common divisor of 4028 and 4399?
53
What is the greatest common factor of 46800 and 64?
16
What is the greatest common divisor of 67504 and 448?
16
Calculate the highest common factor of 3900 and 26280.
60
Calculate the greatest common factor of 249 and 6806.
83
What is the highest common divisor of 12 and 628?
4
Calculate the greatest common factor of 19890 and 136890.
1170
What is the highest common divisor of 93 and 174?
3
What is the greatest common divisor of 19 and 785669?
19
Calculate the greatest common divisor of 1342 and 1412455.
671
Calculate the highest common factor of 129896 and 26.
26
Calculate the greatest common factor of 944 and 307508.
236
What is the highest common factor of 175828 and 452?
452
What is the greatest common factor of 292 and 2048?
4
What is the highest common factor of 50 and 13190?
10
Calculate the highest common factor of 129 and 359437.
43
What is the highest common factor of 72 and 192?
24
Calculate the greatest common divisor of 69 and 69.
69
Calculate the highest common divisor of 396 and 17622.
198
What is the highest common factor of 322269 and 89?
89
Calculate the highest common divisor of 7205 and 7403.
11
Calculate the greatest common factor of 80 and 62425.
5
What is the greatest common factor of 276 and 4409238?
138
Calculate the highest common factor of 75123 and 459.
153
Calculate the highest common factor of 23019 and 234.
3
What is the highest common factor of 88 and 99704?
88
Calculate the greatest common factor of 1244736 and 576.
576
What is the highest common factor of 5074 and 3010?
86
Calculate the highest common factor of 58206 and 7521.
327
What is the highest common factor of 49365 and 35?
5
Calculate the highest common divisor of 549 and 111654.
9
Calculate the highest common divisor of 626715 and 135.
45
Calculate the highest common divisor of 996300 and 410.
410
What is the highest common factor of 21 and 149709?
21
Calculate the greatest common divisor of 239 and 3.
1
What is the highest common factor of 21 and 48?
3
What is the highest common divisor of 413 and 132868?
59
Calculate the highest common divisor of 1036 and 15799.
259
What is the greatest common divisor of 1753310 and 10?
10
Calculate the highest common factor of 156 and 119418.
78
What is the highest common factor of 123132 and 558?
186
Calculate the greatest common factor of 5 and 11351.
1
Calculate the greatest common factor of 85787 and 13.
13
What is the highest common factor of 198585 and 135?
135
What is the highest common factor of 13 and 186953?
13
Calculate the greatest common divisor of 12 and 21196.
4
What is the greatest common divisor of 1816458 and 427?
427
What is the highest common divisor of 1200 and 16300?
100
What is the highest common factor of 589940 and 30?
10
Calculate the greatest common divisor of 5212 and 3581947.
1303
What is the greatest common factor of 11088 and 82593?
63
Calculate the greatest common divisor of 96 and 694.
2
Calculate the highest common factor of 11235 and 55426.
749
Calculate the highest common factor of 22 and 1173491.
11
What is the highest common factor of 8534 and 36646?
502
Calculate the highest common factor of 165 and 85690.
55
Calculate the highest common factor of 1876 and 1206.
134
Calculate the greatest common factor of 55 and 43285.
55
What is the highest common factor of 231 and 803?
11
What is the highest common divisor of 8100925 and 389?
389
What is the highest common factor of 100 and 650075?
25
What is the highest common factor of 49951 and 3401?
19
Calculate the highest common factor of 646992 and 27.
9
Calculate the greatest common divisor of 961 and 1891.
31
Calculate the greatest common divisor of 144944 and 172.
4
Calculate the highest common factor of 4776 and 3246.
6
Calculate the greatest common factor of 127 and 12954.
127
Calculate the greatest common factor of 7468664 and 197.
197
What is the greatest common divisor of 1207 and 34?
17
What is the greatest common factor of 120 and 59448?
24
Calculate the highest common divisor of 177836 and 92.
92
What is the highest common factor of 432 and 25392?
48
What is the highest common divisor of 46971 and 1530?
153
What is the highest common d